igit of y?
3
Let b(g) = g**3 - 5*g**2 + 5*g - 10. Let u(i) = 2*i - 10. Let a be u(8). What is the units digit of b(a)?
6
Suppose 4625 = 11*u - 3922. What is the hundreds digit of u?
7
Let j(g) be the second derivative of g**5/20 - g**4/2 + 5*g**3/6 - 9*g**2/2 - 9*g. What is the units digit of j(7)?
5
Let t(b) = -2*b + 67. What is the hundreds digit of t(-17)?
1
Let m = 33 + -34. What is the units digit of 3*((-166)/(-6) + m)?
0
Let r(x) = -x**3 - 9*x**2 + 7*x - 24. Let k be r(-10). Suppose u + 1151 = 5*n, 456 = -4*n + k*n + 4*u. What is the units digit of n?
0
Suppose 5*k - 1877 = -17. What is the units digit of k?
2
Suppose -2*c + 3*n - 7*n = -524, -3*n = -5*c + 1245. Let w = -78 + c. What is the tens digit of w?
7
Let d(z) be the first derivative of -z**2 + 11*z - 4. What is the tens digit of d(-5)?
2
Let k(j) = 16*j**3 + 3*j**2 - 2*j - 7. What is the tens digit of k(4)?
5
Let r = -1 - -5. Suppose r*w - 4*a = 336, -w = 7*a - 2*a - 78. Suppose 3*k = -3*m + 69, 2*k + w = 4*m + 15. What is the tens digit of m?
1
Let i(z) = 3*z**2 + 72*z + 12. Let t be i(-22). Let n = t - -371. What is the hundreds digit of n?
2
Suppose 4*v - 166 = -2*h, v - 141 = -2*v + 4*h. Suppose -3*j - 6 + v = -5*o, -5*j + 74 = 4*o. What is the units digit of (j/(-21))/((-2)/12)?
4
Let x(i) = -i**2 - 8*i - 4. Let w be x(-7). Suppose 74 = w*d - 142. Suppose 0*o - d = -5*h + 3*o, 62 = 4*h + 2*o. What is the tens digit of h?
1
Let v(u) = -11*u + 1. Let f = -27 - -28. Suppose -3*j + 2 = -2*c, -3*c - 2*j - f = 28. What is the tens digit of v(c)?
7
Suppose 2*x - 570 = -2*z + 522, 1086 = 2*z + 4*x. What is the tens digit of z?
4
Suppose 0 = -5*s + 2*n + 3257, s + n - 254 - 396 = 0. What is the hundreds digit of s?
6
Let n(w) = w**3 - w**2 + 8*w + 735. What is the tens digit of n(0)?
3
Let p(z) = 14*z**2 - 10*z - 39. What is the hundreds digit of p(-8)?
9
Let k = 63 + -55. Let j(p) be the third derivative of p**5/60 - p**4/6 - p**3/2 + p**2. What is the tens digit of j(k)?
2
Suppose 3*p + 70 - 64 = 0. What is the units digit of -2 + -1 + 28 - p?
7
Suppose 2*k + 2*k = -2*q + 92, q = k + 46. Let w(v) = -v**2 - 10*v + 31. Let x be w(3). Let a = q + x. What is the tens digit of a?
3
Suppose 25 = 3*t + 4*p - 2*p, -20 = -t - 3*p. Suppose -t*m + 0 = 5. What is the tens digit of 16 - (-4)/(-3 + m)?
1
What is the hundreds digit of (-73)/((-162)/32 - -5)?
1
Suppose -671 + 3170 = 3*b. What is the tens digit of b?
3
Let u be 1*(4 - 56 - -5). Let n = u + 241. What is the tens digit of n?
9
Suppose 3*i - u - 195 = i, 485 = 5*i - 3*u. Let k = i - 70. What is the units digit of k?
0
Suppose -4*i + 9 = 9. Suppose 0 = -4*r - 2*n + 392, -r + 87 = -5*n - i*n. What is the tens digit of r?
9
Let k = -18 + 2. Let j = 26 + k. Let g = -8 + j. What is the units digit of g?
2
What is the tens digit of 1 + ((-14422)/(-8) - (-20)/80)?
0
Suppose 32430 = 48*q - 18*q. What is the thousands digit of q?
1
Suppose -4*p - 4 = -3*p, m + 3*p - 40 = 0. What is the units digit of m?
2
Suppose 225 = 3*k - 213. Let n = k + -74. What is the tens digit of n?
7
What is the units digit of 1*793 - -16*(-6)/48?
1
Let d(k) = 3*k**3 - 10*k**2 - k - 2*k**3 + 12*k - 9. Let l be d(7). Let v = 128 + l. What is the tens digit of v?
4
Suppose -n = i - 4, 4*n = -5*i + 5 + 13. Let j(o) = -1 - 3*o**2 + 0*o**2 - 18 + i*o**2 + 15*o. What is the units digit of j(9)?
5
Let a = -351 + 371. Let b be ((-2)/4)/(2/4). Let m = a - b. What is the tens digit of m?
2
Suppose -g - 8*g = -1404. Let f = -20 + g. What is the hundreds digit of f?
1
Let x = 166 + 79. What is the tens digit of x?
4
Suppose -25*u = -40257 - 1143. What is the tens digit of u?
5
Suppose 2172 = 4*w - 2*t, 3*t = 2*w + 84 - 1174. What is the hundreds digit of w?
5
Suppose -18 = -3*k - 3*k. What is the units digit of 1/k + (-15)/(-9)?
2
Let k = -24 - -21. What is the units digit of 13/((-5)/(k - 2))?
3
Let v(d) = -8*d + 4. Let y be v(-6). Suppose 3*b - y = 116. Suppose -b - 140 = -4*z. What is the units digit of z?
9
Suppose 0 = 5*g - 29 + 4. Suppose 4*m + 184 = j + m, 0 = -g*j + 5*m + 930. What is the units digit of j?
7
Suppose 4*m - 20 = 0, -4 = 4*w + 3*m + 1. Let f be (-189)/(-6) + w/(-10). Suppose u + d = -u + 15, -4*u - 4*d = -f. What is the units digit of u?
7
Suppose y + 5*j = -180, -j - 189 = y + j. Let x = -88 - y. Suppose 50 = 3*a - 3*q - 19, -3*q - x = -5*a. What is the tens digit of a?
1
Let w(k) = -4*k + 5*k**2 + 7*k + 2*k**3 - k**3. Let l be w(-4). Suppose -j = -l*v - 1, -3*j - 3*v - 7 = -25. What is the units digit of j?
5
Let n(d) = -10*d + 7. Let m(b) = b - 1. Let u(q) = -22*m(q) - 2*n(q). What is the units digit of u(-9)?
6
Let c = 57 + -59. What is the units digit of (-4)/((-8)/78) - (c + 3)?
8
Suppose -4*s - 2*c = -1034, -s - 3*c = c - 255. Suppose 3*n = -5*k + s, -k = 4*n - 47 - 15. Let j = 71 - k. What is the units digit of j?
1
Suppose 0 = -2*r + 83 + 43. Let m(h) = h**3 + 16*h**2 - h - 14. Let y be m(-16). Suppose r = 5*b - y*q, -55 = -2*b - 2*b - 3*q. What is the tens digit of b?
1
Suppose p + 3 = -3. Let d = -4 - p. Suppose -4*w = 8, 3*u + d = w + 10. What is the units digit of u?
2
Suppose 0 = -4*a - o + 571 + 1403, -a + 5*o + 483 = 0. Let z = a - 342. What is the hundreds digit of z?
1
Let i(w) = w**2 + 5*w - 1. Let b be i(-6). Let t(c) = 5*c - 7. Let m be t(b). Suppose -4*u + m = -0*k + k, 4*u - 24 = -4*k. What is the units digit of k?
2
Let n be 12/(153/48 - 3). Suppose -16 + n = 4*p. What is the units digit of (-9)/p + 111/4?
7
Let u = 60 - 78. Let j be (-1 - (-16)/6)*21. Let p = u + j. What is the tens digit of p?
1
Let r be (0 + -4)*(-75)/(-30). Suppose 0 = -4*k + k + 48. Let b = k + r. What is the units digit of b?
6
What is the units digit of 432/112*(-196)/(-21)?
6
Let u(d) be the second derivative of d**5/5 + d**4/2 - d**3 + d**2 - 50*d. What is the units digit of u(3)?
6
What is the units digit of 93222/126 - (-4)/28?
0
Suppose 10*y = -10*y + 10300. What is the tens digit of y?
1
Let a be (-200)/(-3)*-3*5/(-10). Let n be (-28)/(-6) - 1/(-3). Suppose -x = n*d - a, -2*d + 52 = -x - x. What is the units digit of d?
1
Let r be (-3)/((-5)/(-1) + -4) - -4. What is the hundreds digit of 209 + -11 + 1 + r?
2
What is the hundreds digit of 131397/49 + (-3)/(-21)*3?
6
Let w(n) = 3141*n - 498. What is the units digit of w(2)?
4
Let c = -215 + 143. Let j = c + 134. What is the units digit of j?
2
Let k(w) = -34*w - 12. Let y(h) = -h - 1. Let b(l) = k(l) - 10*y(l). What is the units digit of b(-1)?
2
Let x = 2298 + -177. What is the tens digit of x?
2
Suppose 0 = 3*v - 5*i - 88, 5*i + 1 = v - 15. Suppose -3*o + v = 6. What is the units digit of 588/35 + 2/o?
7
Suppose 2*x + c = 3, 0 = 4*x + c - 7 - 2. Let a = 17 + x. What is the tens digit of a?
2
Suppose 15*o - 3372 = 11*o + 2*r, 3*o + 2*r = 2536. What is the units digit of o?
4
Let j = 134 - 148. What is the tens digit of 27/2*(j + 16)?
2
Let w = 449 - 111. What is the units digit of w?
8
Let k(i) = -2*i**2 + 3*i**2 + 0*i + 6*i - i. Let u be k(-5). Let a(h) = h + 11. What is the units digit of a(u)?
1
Let z = 20 + -11. Suppose -13*k = -z*k - 92. Suppose 0 = 6*f - 2*f + 3*j - 17, -3*j = -4*f + k. What is the units digit of f?
5
Let o(y) = -5524*y + 0*y**2 + 5511*y + 23 + y**2. What is the units digit of o(17)?
1
Let s = -7 - -13. Let x be (-216)/(-22) - (-8)/44. What is the units digit of -2 + 125/x*s?
3
Let u(o) = o**2 + 10*o + 1. Let g(d) = -9*d - 1. Let n be g(1). Let p be u(n). Let j = p - -20. What is the tens digit of j?
2
Let b(c) = 11*c + 619. What is the tens digit of b(0)?
1
Let d(v) = -v + 5*v**2 + 5 + 1 - 3 - v**3. Let r(k) = -k + 3. Let q be r(-1). What is the tens digit of d(q)?
1
Let x = -2857 - -4199. What is the hundreds digit of x?
3
Suppose 52*j - 67*j + 1320 = 0. What is the units digit of j?
8
Suppose 2*u = 6*u + 15*u. Suppose u = -3*c + c + 416. What is the tens digit of c?
0
Let h = -1873 - -2988. What is the units digit of h?
5
Let a = 11 - 9. Suppose a*g = 0, 5*g + 4 = 4*b + 60. Let w(z) = z**2 + 14*z + 10. What is the units digit of w(b)?
0
Let v(l) = -3*l + 22. Let q be v(10). What is the units digit of -1 - 52/q*10?
4
Let x = -524 + 918. What is the hundreds digit of x?
3
Suppose 5*p - 10 = 0, -5*a - 4*p = 3402 - 10025. What is the tens digit of a?
2
Let d = -1398 - -2753. W